(y) = -4*y + 3 - 10*y + 18*y + f. Let w(i) = 5*b(i) - 6*t(i). Give w(2).
3
Let t(f) = -f**3 + f**2 + 11*f + 9. Let y(m) = -m**3 - 16*m**2 - 19*m - 56. Let l be y(-15). Let h be t(l). Let n(j) = j**3 - 6*j**2 + 6*j + 4. Calculate n(h).
9
Let i = 6590 + -6576. Let c(z) = z**3 - 14*z**2 + 3*z + 2. Calculate c(i).
44
Suppose 52*r - 44*r + 64 = 0. Let h(y) = -y**2 - 6*y - 8. Determine h(r).
-24
Let w = -252 - -259. Let s(j) = -2*j**3 + 15*j**2 - 5*j - 22. Let g be s(w). Let l(i) be the first derivative of i**3/3 + 7*i**2/2 + 2*i - 5. Calculate l(g).
10
Let r be (-6 - -4)*(-11)/2. Let a(g) = g**2 - 11*g + 3. Let x be a(r). Let z(l) = -2*l - 5. What is z(x)?
-11
Let s(o) = 2 - 4*o**3 - o**3 - 3 - 4*o**2 + 4*o**3 + o. Suppose 4*a + 2*w = w + 269, 0 = -a + 2*w + 56. Suppose -a = 32*u + u. Calculate s(u).
-11
Let q(o) be the third derivative of -o**6/60 - 4*o**5/15 - o**3/6 - 84*o**2 + 3*o - 4. Give q(-8).
-1
Let i(f) be the first derivative of f**3/3 - f**2/2 + 2*f + 2433. Give i(-8).
74
Let n(v) be the third derivative of -1/24*v**4 + 1/60*v**5 - 1/72*v**6 + 7*v**2 - 2*v**3 + 0*v + 0. Let s(f) be the first derivative of n(f). What is s(1)?
-4
Let g(s) be the first derivative of s**4/4 + 13*s**3/3 + 15*s**2 - 10*s - 120. Give g(-10).
-10
Let v(j) = 2*j - 10. Let f be -3 + (-300)/(-8) + (-1)/2. Suppose 0 = 8*y - f - 30. Calculate v(y).
6
Let m(g) be the first derivative of 36 + 2/3*g**3 + 1/4*g**4 - g + 0*g**2. Give m(-2).
-1
Let x(t) = -93*t - 7. Suppose -23*h = -301*h - 13*h. Calculate x(h).
-7
Let z(y) = 441*y**2 + 445*y**2 + 4*y + 5 - 2*y - y**3 + y - 880*y**2. Calculate z(6).
23
Let j = -21 - -12. Let o(i) = -5*i - 27. Let d(w) = -4*w - 23. Let m = 484 + -481. Let h(t) = m*o(t) - 4*d(t). What is h(j)?
2
Let d(z) = 4*z**3 + 3*z**2 + 2*z + 4. Let u(o) = -95*o + 852. Let g be u(9). Calculate d(g).
-83
Let v(h) be the second derivative of h**4/24 + 5*h**3/3 - 149*h**2 - 3*h - 7. Let a(n) be the first derivative of v(n). Give a(13).
23
Let c(w) = -212*w + 1900. Let p be c(9). Let i(h) = 3*h**3 + 25*h**2 + 9*h + 3. Determine i(p).
-5
Let p(a) = -3*a**2 - 130*a - 852. Let b be p(-35). Let h(n) = n - 31. Give h(b).
-8
Let k(i) = 4*i**3 - 3*i + 3*i**2 - 2*i**3 + 4 - 3*i**3. Suppose -52*g + 43*g + 78 = 17*g. Determine k(g).
-5
Let l(v) be the third derivative of -v**6/120 + 7*v**5/60 - v**4/3 + 7*v**3/6 + v**2. Suppose -422209*g = -422234*g + 150. What is l(g)?
-5
Let b(j) be the second derivative of j**7/2520 + j**6/144 + j**5/40 + 37*j**4/12 - 6*j - 2. Let l(v) be the third derivative of b(v). Calculate l(-3).
-3
Suppose 4*u - 5*t = -35, -3*u - 12 = 6*t - 5*t. Let n(a) = 38*a + 183. Give n(u).
-7
Let i be (-16 - 0)*630/(-336)*1/6. Let h(t) = 15*t - 59. Determine h(i).
16
Let w(c) = c**3 - c**2 + 1. Let b(x) = 19*x**3 - 7*x**2 + 6. Let z(v) = b(v) - 6*w(v). Suppose 0 = -j + 2*j - 1. Determine z(j).
12
Let c(l) = -l. Suppose 5*s - 2*p + 5*p - 30 = 0, -p + 5 = 0. Suppose 36 = -3*x - s*x. Let j be (66/55)/(x/(-10)). Give c(j).
-2
Suppose -5*a - 28 - 2 = -5*j, 4*j - 30 = -2*a. Let s(x) = 5*x**2 + 7*x + 6. Let t(v) = -12*v**2 - 22*v - 11. Let q(p) = 5*s(p) + 2*t(p). Give q(j).
-6
Let k(w) = -15*w - 15*w**2 + 4*w - 2*w**3 - 8*w + w + w**3 - 48. Determine k(-14).
8
Let i = 99 - 77. Let q(f) = f**2 - 22*f + 44. Let l be q(i). Let p(b) = -l + 47 - 4*b + 3*b. What is p(-5)?
8
Let l(u) be the first derivative of -7*u**3/3 + 3*u**2/2 - 3*u - 2473. Calculate l(3).
-57
Let k(r) = -18*r + 13. Let w(b) = -9*b + 7. Let y(i) = 6*k(i) - 11*w(i). Give y(0).
1
Let l(z) = -z - 4. Let h(p) = -p**3 - 14*p**2 + 16 - 9 - 8 - 6 - 14*p. Let n be h(-13). Suppose -n*o = -10 + 10. What is l(o)?
-4
Let p(a) be the third derivative of a**6/120 - 3*a**5/4 + a**4/24 - 21*a**3/2 - 22*a**2 + 139*a + 1. What is p(45)?
-18
Let l(y) be the third derivative of y**8/5040 - y**7/2520 - y**6/720 + 71*y**5/60 - 109*y**2. Let z(f) be the third derivative of l(f). What is z(2)?
11
Let c(b) = -b**2 + 881*b + 889*b - 2616*b + 6 + 850*b. Determine c(5).
1
Suppose -3*i = 15*z - 19*z - 46, -85 = -5*i + 5*z. Let n(r) = r**3 - 21*r**2 - 22*r - 4. Calculate n(i).
-4
Let y(j) = j**3 - j**2 - 2*j + 1. Let v = -151 + 156. Suppose -3 = w - d, -2*w + 6*d = v*d + 5. Give y(w).
-7
Let g(h) = 2*h**2 + 25*h - 20. Let n(v) = 8*v**2 + 76*v - 55. Let y(l) = -14*g(l) + 4*n(l). Calculate y(10).
0
Let a(b) = b**3 - 6*b**2 + 3*b - 2. Suppose -28*n + 329 = 55 + 134. What is a(n)?
-12
Let h(o) be the second derivative of o**4/12 - 3*o**3/2 - 9*o**2/2 + 27*o. Suppose -99 + 3 = -37*q + 25*q. Give h(q).
-17
Let z(f) = -f**2 + 16*f + 164. Let o = -33989 + 33982. Give z(o).
3
Let l(s) = -6*s + 99. Let k be l(16). Let b(d) = -d**k - 1 - 6*d**2 - 4 + 613*d - 621*d. Determine b(-5).
10
Let h(t) be the first derivative of t**4/4 + 5*t**3/3 - 9*t**2/2 - 9*t - 5632. Let u(l) = 3*l + 3. Let c be u(-3). Calculate h(c).
9
Let r(a) = -a**2 - 145*a + 616. Let n be r(4). Let f(k) be the first derivative of 3*k - 1/3*k**3 - n - k**2. Determine f(-4).
-5
Suppose -6 = k - 0. Suppose -3*x - t = -85, 2*x + 4*t = -0*t + 70. Let u be k/x - (210/27 + -1). Let i(s) = s**3 + 8*s**2 + 7*s + 4. What is i(u)?
4
Let a = 18 + -13. Let j(h) = -11*h**3 + 12*h**2 - 12*h + 17. Let b(i) = i - 7*i**3 + 11 + 29*i + 8*i**2 - 38*i. Let t(y) = a*j(y) - 8*b(y). Determine t(4).
13
Let y(i) = -i + 2. Suppose k - 50 = -k. Suppose -5*p + 25 = 0, 2*j + 0*p - 5*p = -k. Suppose j = -f + 2*o - 12, 2*o = 5*f - o + 46. Determine y(f).
10
Suppose -1212 = 4*u + 12*w - 10*w, 0 = -4*u + 4*w - 1200. Let z = 304 + u. Let r(g) = 5*g**3 - 2*g**2 + 2*g - 2. Calculate r(z).
34
Let q(i) = 22 + 2 + 70*i - 132*i - 29 + 68*i. Let o = -12 + 8. Give q(o).
-29
Let z(w) = 192 - 95 - 1181*w + 5*w**3 - 2*w**2 - 4*w**3 - 93 + 1179*w. Let a = -28 + 40. Suppose 3*q - a = -q. What is z(q)?
7
Let p(s) = 2*s**3 + s**2 - 3*s - 10. Let w = 10640 + -10643. Give p(w).
-46
Let g(y) be the second derivative of 16*y + 0 - 2*y**2 - 1/8*y**4 - 1/2*y**3. Let r(f) be the first derivative of g(f). What is r(-2)?
3
Suppose 0 = -3*z + 7*z. Suppose 5*i - 7 = -3*u + 42, z = 5*u - 5*i - 15. Suppose -x - 34 = 5*j, -4*j = -2*j - 5*x - u. Let g(w) = w**2 + 7*w + 3. Give g(j).
-3
Suppose -93*m = 156*m - 1743. Let i(o) = -2*o**2 - 8*o + 5 + o**2 + 2*o**2. Calculate i(m).
-2
Let z(p) be the first derivative of p**2/2 - 13*p - 50961. Let k be 20 + 2/(-2 - 0). What is z(k)?
6
Suppose 0 = 8*a + 1 - 57. Suppose -16*d = -a*d - 468. Suppose 0 = -11*k - d + 19. Let v(f) = -2*f**3 - 3*f**2 + 4*f + 2. What is v(k)?
17
Let q = -22 - -20. Let m be 5/(-10)*(1*4 + q). Let b(r) = 18*r**3 - r**2 - r + 1. Let y(k) = k**3 + k**2 + 1. Let g(x) = b(x) - y(x). Give g(m).
-18
Let v = 131/236 + -13/236. Let l(k) be the second derivative of 0 + v*k**2 - 28*k + 0*k**3 - 1/2*k**4. Give l(-1).
-5
Suppose 5*s - 5 = 0, -5*s = -3*h - 6*s + 7. Let o(d) = -76*d - d**3 + 2*d**2 + 150*d - h - 77*d + 3*d**2. What is o(4)?
2
Suppose 0 = -8*j - 23 + 63. Suppose j*m - 1 = 9*m + o, 4*m - 4*o + 16 = 0. Let k(w) = 22*w**3 - 1. Calculate k(m).
-23
Let x(n) = 25 - 7 - 29*n**2 + 14*n + 16*n**2 - 15 + n**3. Calculate x(12).
27
Let m(z) = z - 4*z + z**2 - 8 - 8 - 8 + 18. Give m(9).
48
Let g = -6270 + 6292. Let v(m) = -11*m + 243. Determine v(g).
1
Let d(z) be the first derivative of -5*z**4/4 - 3*z**2/2 + 2*z + 758. Calculate d(1).
-6
Let c(z) = 2*z**3 - 2. Suppose -27*w - 7 = -34*w. Let q be w + 1 - -2 - (2 + 0). Calculate c(q).
14
Let i(g) = 5 - 9 - 2*g - 2 - 80*g**2 + g**3 + 84*g**2. Suppose r + 3*a - 24 = 0, 2*r + 5*a = 33 + 12. Let w = 11 - r. Determine i(w).
2
Let h(l) = -7*l**2 - 9*l + 4. Suppose 32*y + 93*y + 104 = -396. Determine h(y).
-72
Let o(p) = p**3 - 4*p**2 + 2*p - 3. Suppose z - 7 = -2*i + 2*z, 2*i + 3*z - 11 = 0. Determine o(i).
5
Let y(t) = t**3 - 7*t**2 + 9*t - 22. Suppose k + 0 = 2*m - 9, 30 = 4*m + 2*k. Calculate y(m).
-4
Suppose 1 = 25*j - 24*j. Let y(h) = -h**2 + h. Let p(x) = -6*x**2 + 6*x. Let l = 23 + -24. Let r(u) = l*p(u) + 5*y(u). Calculate r(j).
0
Suppose 2*y + 2*b = -2*b + 2, b = -1. Suppose 2*g = -1 + y. Let h(w) = 5*w**3 - w + 1. Determine h(g).
5
Suppose -12*x = -103 + 79. Let d(z) = 0*z - 3 + 2*z**2 - 3*z - 6*z**x - 2*z**2 + 5*z**2. Give d(-4).
-7
Let v(f) = -f**3 + 6*f**2 - 5*f - 4. Let q(d) = -9*d - 2. Suppose -9*t + 2*t - 7 = 0. 